161.97.173.155 - - [20/Aug/2024:16:40:03 -0400] "GET /manager/html HTTP/1.1" 401 2538
161.97.173.155 - - [20/Aug/2024:16:40:51 -0400] "GET /manager/html HTTP/1.1" 401 2538
161.97.173.155 - - [20/Aug/2024:16:41:39 -0400] "GET /manager/html HTTP/1.1" 401 2538
161.97.173.155 - - [20/Aug/2024:16:42:27 -0400] "GET /manager/html HTTP/1.1" 401 2538
161.97.173.155 - - [20/Aug/2024:16:43:15 -0400] "GET /manager/html HTTP/1.1" 401 2538
161.97.173.155 - - [20/Aug/2024:16:44:02 -0400] "GET /manager/html HTTP/1.1" 401 2538
161.97.173.155 - - [20/Aug/2024:16:44:50 -0400] "GET /manager/html HTTP/1.1" 401 2538
161.97.173.155 - - [20/Aug/2024:16:45:38 -0400] "GET /manager/html HTTP/1.1" 401 2538
161.97.173.155 - - [20/Aug/2024:16:46:26 -0400] "GET /manager/html HTTP/1.1" 401 2538
161.97.173.155 - - [20/Aug/2024:16:47:14 -0400] "GET /manager/html HTTP/1.1" 401 2538
127.0.0.1 - - [20/Aug/2024:16:47:39 -0400] "GET /conf/home HTTP/1.1" 200 2145
161.97.173.155 - - [20/Aug/2024:16:48:02 -0400] "GET /manager/html HTTP/1.1" 401 2538
161.97.173.155 - - [20/Aug/2024:16:48:49 -0400] "GET /manager/html HTTP/1.1" 401 2538
161.97.173.155 - - [20/Aug/2024:16:49:37 -0400] "GET /manager/html HTTP/1.1" 401 2538
161.97.173.155 - - [20/Aug/2024:16:50:25 -0400] "GET /manager/html HTTP/1.1" 401 2538
161.97.173.155 - - [20/Aug/2024:16:51:13 -0400] "GET /manager/html HTTP/1.1" 401 2538
161.97.173.155 - - [20/Aug/2024:16:52:01 -0400] "GET /manager/html HTTP/1.1" 401 2538
161.97.173.155 - - [20/Aug/2024:16:52:49 -0400] "GET /manager/html HTTP/1.1" 401 2538
161.97.173.155 - - [20/Aug/2024:16:53:36 -0400] "GET /manager/html HTTP/1.1" 401 2538
161.97.173.155 - - [20/Aug/2024:16:54:24 -0400] "GET /manager/html HTTP/1.1" 401 2538
161.97.173.155 - - [20/Aug/2024:16:55:12 -0400] "GET /manager/html HTTP/1.1" 401 2538
161.97.173.155 - - [20/Aug/2024:16:56:00 -0400] "GET /manager/html HTTP/1.1" 401 2538
161.97.173.155 - - [20/Aug/2024:16:56:48 -0400] "GET /manager/html HTTP/1.1" 401 2538
161.97.173.155 - - [20/Aug/2024:16:57:36 -0400] "GET /manager/html HTTP/1.1" 401 2538
161.97.173.155 - - [20/Aug/2024:16:58:23 -0400] "GET /manager/html HTTP/1.1" 401 2538
161.97.173.155 - - [20/Aug/2024:16:59:11 -0400] "GET /manager/html HTTP/1.1" 401 2538
161.97.173.155 - - [20/Aug/2024:16:59:59 -0400] "GET /manager/html HTTP/1.1" 401 2538
161.97.173.155 - - [20/Aug/2024:17:00:47 -0400] "GET /manager/html HTTP/1.1" 401 2538
161.97.173.155 - - [20/Aug/2024:17:01:35 -0400] "GET /manager/html HTTP/1.1" 401 2538
161.97.173.155 - - [20/Aug/2024:17:02:22 -0400] "GET /manager/html HTTP/1.1" 401 2538
161.97.173.155 - - [20/Aug/2024:17:03:10 -0400] "GET /manager/html HTTP/1.1" 401 2538
161.97.173.155 - - [20/Aug/2024:17:03:58 -0400] "GET /manager/html HTTP/1.1" 401 2538
161.97.173.155 - - [20/Aug/2024:17:04:46 -0400] "GET /manager/html HTTP/1.1" 401 2538
161.97.173.155 - - [20/Aug/2024:17:05:33 -0400] "GET /manager/html HTTP/1.1" 401 2538
161.97.173.155 - - [20/Aug/2024:17:06:21 -0400] "GET /manager/html HTTP/1.1" 401 2538
161.97.173.155 - - [20/Aug/2024:17:07:09 -0400] "GET /manager/html HTTP/1.1" 401 2538
161.97.173.155 - - [20/Aug/2024:17:07:57 -0400] "GET /manager/html HTTP/1.1" 401 2538
161.97.173.155 - - [20/Aug/2024:17:08:45 -0400] "GET /manager/html HTTP/1.1" 401 2538
161.97.173.155 - - [20/Aug/2024:17:09:32 -0400] "GET /manager/html HTTP/1.1" 401 2538
161.97.173.155 - - [20/Aug/2024:17:10:20 -0400] "GET /manager/html HTTP/1.1" 401 2538
161.97.173.155 - - [20/Aug/2024:17:11:08 -0400] "GET /manager/html HTTP/1.1" 401 2538
161.97.173.155 - - [20/Aug/2024:17:11:56 -0400] "GET /manager/html HTTP/1.1" 401 2538
161.97.173.155 - - [20/Aug/2024:17:12:43 -0400] "GET /manager/html HTTP/1.1" 401 2538
161.97.173.155 - - [20/Aug/2024:17:13:31 -0400] "GET /manager/html HTTP/1.1" 401 2538
161.97.173.155 - - [20/Aug/2024:17:14:19 -0400] "GET /manager/html HTTP/1.1" 401 2538
161.97.173.155 - - [20/Aug/2024:17:15:07 -0400] "GET /manager/html HTTP/1.1" 401 2538
161.97.173.155 - - [20/Aug/2024:17:15:55 -0400] "GET /manager/html HTTP/1.1" 401 2538
161.97.173.155 - - [20/Aug/2024:17:16:43 -0400] "GET /manager/html HTTP/1.1" 401 2538
161.97.173.155 - - [20/Aug/2024:17:17:30 -0400] "GET /manager/html HTTP/1.1" 401 2538
161.97.173.155 - - [20/Aug/2024:17:18:18 -0400] "GET /manager/html HTTP/1.1" 401 2538
161.97.173.155 - - [20/Aug/2024:17:19:06 -0400] "GET /manager/html HTTP/1.1" 401 2538
161.97.173.155 - - [20/Aug/2024:17:19:54 -0400] "GET /manager/html HTTP/1.1" 401 2538
161.97.173.155 - - [20/Aug/2024:17:20:42 -0400] "GET /manager/html HTTP/1.1" 401 2538
161.97.173.155 - - [20/Aug/2024:17:21:29 -0400] "GET /manager/html HTTP/1.1" 401 2538
161.97.173.155 - - [20/Aug/2024:17:22:17 -0400] "GET /manager/html HTTP/1.1" 401 2538
161.97.173.155 - - [20/Aug/2024:17:23:05 -0400] "GET /manager/html HTTP/1.1" 401 2538
161.97.173.155 - - [20/Aug/2024:17:23:53 -0400] "GET /manager/html HTTP/1.1" 401 2538
161.97.173.155 - - [20/Aug/2024:17:24:41 -0400] "GET /manager/html HTTP/1.1" 401 2538
161.97.173.155 - - [20/Aug/2024:17:25:28 -0400] "GET /manager/html HTTP/1.1" 401 2538
161.97.173.155 - - [20/Aug/2024:17:26:16 -0400] "GET /manager/html HTTP/1.1" 401 2538
161.97.173.155 - - [20/Aug/2024:17:27:04 -0400] "GET /manager/html HTTP/1.1" 401 2538
161.97.173.155 - - [20/Aug/2024:17:27:52 -0400] "GET /manager/html HTTP/1.1" 401 2538
161.97.173.155 - - [20/Aug/2024:17:28:39 -0400] "GET /manager/html HTTP/1.1" 401 2538
161.97.173.155 - - [20/Aug/2024:17:29:27 -0400] "GET /manager/html HTTP/1.1" 401 2538
161.97.173.155 - - [20/Aug/2024:17:30:15 -0400] "GET /manager/html HTTP/1.1" 401 2538
161.97.173.155 - - [20/Aug/2024:17:31:03 -0400] "GET /manager/html HTTP/1.1" 401 2538
161.97.173.155 - - [20/Aug/2024:17:31:50 -0400] "GET /manager/html HTTP/1.1" 401 2538
161.97.173.155 - - [20/Aug/2024:17:32:38 -0400] "GET /manager/html HTTP/1.1" 401 2538
161.97.173.155 - - [20/Aug/2024:17:33:26 -0400] "GET /manager/html HTTP/1.1" 401 2538
161.97.173.155 - - [20/Aug/2024:17:34:14 -0400] "GET /manager/html HTTP/1.1" 401 2538
161.97.173.155 - - [20/Aug/2024:17:35:01 -0400] "GET /manager/html HTTP/1.1" 401 2538
161.97.173.155 - - [20/Aug/2024:17:35:49 -0400] "GET /manager/html HTTP/1.1" 401 2538
161.97.173.155 - - [20/Aug/2024:17:36:37 -0400] "GET /manager/html HTTP/1.1" 401 2538
161.97.173.155 - - [20/Aug/2024:17:37:25 -0400] "GET /manager/html HTTP/1.1" 401 2538
161.97.173.155 - - [20/Aug/2024:17:38:12 -0400] "GET /manager/html HTTP/1.1" 401 2538
161.97.173.155 - - [20/Aug/2024:17:39:00 -0400] "GET /manager/html HTTP/1.1" 401 2538
127.0.0.1 - - [20/Aug/2024:17:39:05 -0400] "GET /robots.txt HTTP/1.1" 302 -
127.0.0.1 - - [20/Aug/2024:17:39:06 -0400] "GET /login HTTP/1.1" 200 4254
127.0.0.1 - - [20/Aug/2024:17:39:08 -0400] "GET /webapps/examples/servlets/chat/%3C%25=chatUrl%20%25%3E HTTP/1.1" 200 2145
161.97.173.155 - - [20/Aug/2024:17:39:48 -0400] "GET /manager/html HTTP/1.1" 401 2538
161.97.173.155 - - [20/Aug/2024:17:40:36 -0400] "GET /manager/html HTTP/1.1" 401 2538
161.97.173.155 - - [20/Aug/2024:17:41:23 -0400] "GET /manager/html HTTP/1.1" 401 2538
161.97.173.155 - - [20/Aug/2024:17:42:11 -0400] "GET /manager/html HTTP/1.1" 401 2538
161.97.173.155 - - [20/Aug/2024:17:42:59 -0400] "GET /manager/html HTTP/1.1" 401 2538
161.97.173.155 - - [20/Aug/2024:17:43:46 -0400] "GET /manager/html HTTP/1.1" 401 2538
161.97.173.155 - - [20/Aug/2024:17:44:34 -0400] "GET /manager/html HTTP/1.1" 401 2538
161.97.173.155 - - [20/Aug/2024:17:45:22 -0400] "GET /manager/html HTTP/1.1" 401 2538
161.97.173.155 - - [20/Aug/2024:17:46:10 -0400] "GET /manager/html HTTP/1.1" 401 2538
161.97.173.155 - - [20/Aug/2024:17:46:57 -0400] "GET /manager/html HTTP/1.1" 401 2538
161.97.173.155 - - [20/Aug/2024:17:47:45 -0400] "GET /manager/html HTTP/1.1" 401 2538
161.97.173.155 - - [20/Aug/2024:17:48:33 -0400] "GET /manager/html HTTP/1.1" 401 2538
161.97.173.155 - - [20/Aug/2024:17:49:21 -0400] "GET /manager/html HTTP/1.1" 401 2538
161.97.173.155 - - [20/Aug/2024:17:50:08 -0400] "GET /manager/html HTTP/1.1" 401 2538
161.97.173.155 - - [20/Aug/2024:17:50:56 -0400] "GET /manager/html HTTP/1.1" 401 2538
161.97.173.155 - - [20/Aug/2024:17:51:44 -0400] "GET /manager/html HTTP/1.1" 401 2538
161.97.173.155 - - [20/Aug/2024:17:52:31 -0400] "GET /manager/html HTTP/1.1" 401 2538
161.97.173.155 - - [20/Aug/2024:17:53:19 -0400] "GET /manager/html HTTP/1.1" 401 2538
161.97.173.155 - - [20/Aug/2024:17:54:07 -0400] "GET /manager/html HTTP/1.1" 401 2538
161.97.173.155 - - [20/Aug/2024:17:54:55 -0400] "GET /manager/html HTTP/1.1" 401 2538
161.97.173.155 - - [20/Aug/2024:17:55:42 -0400] "GET /manager/html HTTP/1.1" 401 2538
161.97.173.155 - - [20/Aug/2024:17:56:30 -0400] "GET /manager/html HTTP/1.1" 401 2538
161.97.173.155 - - [20/Aug/2024:17:57:18 -0400] "GET /manager/html HTTP/1.1" 401 2538
161.97.173.155 - - [20/Aug/2024:17:58:05 -0400] "GET /manager/html HTTP/1.1" 401 2538
161.97.173.155 - - [20/Aug/2024:17:58:53 -0400] "GET /manager/html HTTP/1.1" 401 2538
161.97.173.155 - - [20/Aug/2024:17:59:41 -0400] "GET /manager/html HTTP/1.1" 401 2538
161.97.173.155 - - [20/Aug/2024:18:00:29 -0400] "GET /manager/html HTTP/1.1" 401 2538
161.97.173.155 - - [20/Aug/2024:18:01:17 -0400] "GET /manager/html HTTP/1.1" 401 2538
161.97.173.155 - - [20/Aug/2024:18:02:05 -0400] "GET /manager/html HTTP/1.1" 401 2538
161.97.173.155 - - [20/Aug/2024:18:02:52 -0400] "GET /manager/html HTTP/1.1" 401 2538
161.97.173.155 - - [20/Aug/2024:18:03:40 -0400] "GET /manager/html HTTP/1.1" 401 2538
161.97.173.155 - - [20/Aug/2024:18:04:28 -0400] "GET /manager/html HTTP/1.1" 401 2538
161.97.173.155 - - [20/Aug/2024:18:05:16 -0400] "GET /manager/html HTTP/1.1" 401 2538
161.97.173.155 - - [20/Aug/2024:18:06:04 -0400] "GET /manager/html HTTP/1.1" 401 2538
161.97.173.155 - - [20/Aug/2024:18:06:52 -0400] "GET /manager/html HTTP/1.1" 401 2538
161.97.173.155 - - [20/Aug/2024:18:07:39 -0400] "GET /manager/html HTTP/1.1" 401 2538
161.97.173.155 - - [20/Aug/2024:18:08:27 -0400] "GET /manager/html HTTP/1.1" 401 2538
161.97.173.155 - - [20/Aug/2024:18:09:15 -0400] "GET /manager/html HTTP/1.1" 401 2538
161.97.173.155 - - [20/Aug/2024:18:10:03 -0400] "GET /manager/html HTTP/1.1" 401 2538
161.97.173.155 - - [20/Aug/2024:18:10:51 -0400] "GET /manager/html HTTP/1.1" 401 2538
161.97.173.155 - - [20/Aug/2024:18:11:39 -0400] "GET /manager/html HTTP/1.1" 401 2538
161.97.173.155 - - [20/Aug/2024:18:12:26 -0400] "GET /manager/html HTTP/1.1" 401 2538
161.97.173.155 - - [20/Aug/2024:18:13:14 -0400] "GET /manager/html HTTP/1.1" 401 2538
161.97.173.155 - - [20/Aug/2024:18:14:02 -0400] "GET /manager/html HTTP/1.1" 401 2538
161.97.173.155 - - [20/Aug/2024:18:14:50 -0400] "GET /manager/html HTTP/1.1" 401 2538
161.97.173.155 - - [20/Aug/2024:18:15:38 -0400] "GET /manager/html HTTP/1.1" 401 2538
127.0.0.1 - - [20/Aug/2024:18:15:38 -0400] "GET /wp-login.php HTTP/1.1" 302 -
127.0.0.1 - - [20/Aug/2024:18:15:38 -0400] "GET /login HTTP/1.1" 200 4254
161.97.173.155 - - [20/Aug/2024:18:16:26 -0400] "GET /manager/html HTTP/1.1" 401 2538
161.97.173.155 - - [20/Aug/2024:18:17:14 -0400] "GET /manager/html HTTP/1.1" 401 2538
161.97.173.155 - - [20/Aug/2024:18:18:01 -0400] "GET /manager/html HTTP/1.1" 401 2538
161.97.173.155 - - [20/Aug/2024:18:18:49 -0400] "GET /manager/html HTTP/1.1" 401 2538
161.97.173.155 - - [20/Aug/2024:18:19:37 -0400] "GET /manager/html HTTP/1.1" 401 2538
161.97.173.155 - - [20/Aug/2024:18:20:25 -0400] "GET /manager/html HTTP/1.1" 401 2538
161.97.173.155 - - [20/Aug/2024:18:21:13 -0400] "GET /manager/html HTTP/1.1" 401 2538
161.97.173.155 - - [20/Aug/2024:18:22:01 -0400] "GET /manager/html HTTP/1.1" 401 2538
161.97.173.155 - - [20/Aug/2024:18:22:49 -0400] "GET /manager/html HTTP/1.1" 401 2538
161.97.173.155 - - [20/Aug/2024:18:23:36 -0400] "GET /manager/html HTTP/1.1" 401 2538
161.97.173.155 - - [20/Aug/2024:18:24:24 -0400] "GET /manager/html HTTP/1.1" 401 2538
161.97.173.155 - - [20/Aug/2024:18:25:12 -0400] "GET /manager/html HTTP/1.1" 401 2538
161.97.173.155 - - [20/Aug/2024:18:26:00 -0400] "GET /manager/html HTTP/1.1" 401 2538
161.97.173.155 - - [20/Aug/2024:18:26:48 -0400] "GET /manager/html HTTP/1.1" 401 2538
161.97.173.155 - - [20/Aug/2024:18:27:36 -0400] "GET /manager/html HTTP/1.1" 401 2538
161.97.173.155 - - [20/Aug/2024:18:28:23 -0400] "GET /manager/html HTTP/1.1" 401 2538
161.97.173.155 - - [20/Aug/2024:18:29:11 -0400] "GET /manager/html HTTP/1.1" 401 2538
161.97.173.155 - - [20/Aug/2024:18:29:59 -0400] "GET /manager/html HTTP/1.1" 401 2538
161.97.173.155 - - [20/Aug/2024:18:30:47 -0400] "GET /manager/html HTTP/1.1" 401 2538
161.97.173.155 - - [20/Aug/2024:18:31:35 -0400] "GET /manager/html HTTP/1.1" 401 2538
161.97.173.155 - - [20/Aug/2024:18:32:22 -0400] "GET /manager/html HTTP/1.1" 401 2538
161.97.173.155 - - [20/Aug/2024:18:33:10 -0400] "GET /manager/html HTTP/1.1" 401 2538
161.97.173.155 - - [20/Aug/2024:18:33:58 -0400] "GET /manager/html HTTP/1.1" 401 2538
161.97.173.155 - - [20/Aug/2024:18:34:46 -0400] "GET /manager/html HTTP/1.1" 401 2538
161.97.173.155 - - [20/Aug/2024:18:35:33 -0400] "GET /manager/html HTTP/1.1" 401 2538
161.97.173.155 - - [20/Aug/2024:18:36:21 -0400] "GET /manager/html HTTP/1.1" 401 2538
161.97.173.155 - - [20/Aug/2024:18:37:09 -0400] "GET /manager/html HTTP/1.1" 401 2538
161.97.173.155 - - [20/Aug/2024:18:37:57 -0400] "GET /manager/html HTTP/1.1" 401 2538
161.97.173.155 - - [20/Aug/2024:18:38:45 -0400] "GET /manager/html HTTP/1.1" 401 2538
161.97.173.155 - - [20/Aug/2024:18:39:33 -0400] "GET /manager/html HTTP/1.1" 401 2538
161.97.173.155 - - [20/Aug/2024:18:40:21 -0400] "GET /manager/html HTTP/1.1" 401 2538
161.97.173.155 - - [20/Aug/2024:18:41:08 -0400] "GET /manager/html HTTP/1.1" 401 2538
161.97.173.155 - - [20/Aug/2024:18:41:56 -0400] "GET /manager/html HTTP/1.1" 401 2538
161.97.173.155 - - [20/Aug/2024:18:42:44 -0400] "GET /manager/html HTTP/1.1" 401 2538
161.97.173.155 - - [20/Aug/2024:18:43:32 -0400] "GET /manager/html HTTP/1.1" 401 2538
161.97.173.155 - - [20/Aug/2024:18:44:20 -0400] "GET /manager/html HTTP/1.1" 401 2538
161.97.173.155 - - [20/Aug/2024:18:45:07 -0400] "GET /manager/html HTTP/1.1" 401 2538
161.97.173.155 - - [20/Aug/2024:18:45:55 -0400] "GET /manager/html HTTP/1.1" 401 2538
161.97.173.155 - - [20/Aug/2024:18:46:43 -0400] "GET /manager/html HTTP/1.1" 401 2538
161.97.173.155 - - [20/Aug/2024:18:47:31 -0400] "GET /manager/html HTTP/1.1" 401 2538
161.97.173.155 - - [20/Aug/2024:18:48:19 -0400] "GET /manager/html HTTP/1.1" 401 2538
161.97.173.155 - - [20/Aug/2024:18:49:07 -0400] "GET /manager/html HTTP/1.1" 401 2538
161.97.173.155 - - [20/Aug/2024:18:49:55 -0400] "GET /manager/html HTTP/1.1" 401 2538
161.97.173.155 - - [20/Aug/2024:18:50:42 -0400] "GET /manager/html HTTP/1.1" 401 2538
161.97.173.155 - - [20/Aug/2024:18:51:30 -0400] "GET /manager/html HTTP/1.1" 401 2538
127.0.0.1 - - [20/Aug/2024:18:51:47 -0400] "GET /robots.txt HTTP/1.1" 302 -
127.0.0.1 - - [20/Aug/2024:18:51:47 -0400] "GET /login HTTP/1.1" 200 4254
161.97.173.155 - - [20/Aug/2024:18:52:18 -0400] "GET /manager/html HTTP/1.1" 401 2538
161.97.173.155 - - [20/Aug/2024:18:53:06 -0400] "GET /manager/html HTTP/1.1" 401 2538
161.97.173.155 - - [20/Aug/2024:18:53:54 -0400] "GET /manager/html HTTP/1.1" 401 2538
161.97.173.155 - - [20/Aug/2024:18:54:41 -0400] "GET /manager/html HTTP/1.1" 401 2538
161.97.173.155 - - [20/Aug/2024:18:55:29 -0400] "GET /manager/html HTTP/1.1" 401 2538
161.97.173.155 - - [20/Aug/2024:18:56:17 -0400] "GET /manager/html HTTP/1.1" 401 2538
161.97.173.155 - - [20/Aug/2024:18:57:05 -0400] "GET /manager/html HTTP/1.1" 401 2538
161.97.173.155 - - [20/Aug/2024:18:57:53 -0400] "GET /manager/html HTTP/1.1" 401 2538
161.97.173.155 - - [20/Aug/2024:18:58:40 -0400] "GET /manager/html HTTP/1.1" 401 2538
161.97.173.155 - - [20/Aug/2024:18:59:28 -0400] "GET /manager/html HTTP/1.1" 401 2538
161.97.173.155 - - [20/Aug/2024:19:00:16 -0400] "GET /manager/html HTTP/1.1" 401 2538
161.97.173.155 - - [20/Aug/2024:19:01:04 -0400] "GET /manager/html HTTP/1.1" 401 2538
161.97.173.155 - - [20/Aug/2024:19:01:52 -0400] "GET /manager/html HTTP/1.1" 401 2538
161.97.173.155 - - [20/Aug/2024:19:02:39 -0400] "GET /manager/html HTTP/1.1" 401 2538
161.97.173.155 - - [20/Aug/2024:19:03:27 -0400] "GET /manager/html HTTP/1.1" 401 2538
161.97.173.155 - - [20/Aug/2024:19:04:15 -0400] "GET /manager/html HTTP/1.1" 401 2538
161.97.173.155 - - [20/Aug/2024:19:05:03 -0400] "GET /manager/html HTTP/1.1" 401 2538
161.97.173.155 - - [20/Aug/2024:19:05:51 -0400] "GET /manager/html HTTP/1.1" 401 2538
161.97.173.155 - - [20/Aug/2024:19:06:38 -0400] "GET /manager/html HTTP/1.1" 401 2538
161.97.173.155 - - [20/Aug/2024:19:07:26 -0400] "GET /manager/html HTTP/1.1" 401 2538
161.97.173.155 - - [20/Aug/2024:19:08:14 -0400] "GET /manager/html HTTP/1.1" 401 2538
161.97.173.155 - - [20/Aug/2024:19:09:02 -0400] "GET /manager/html HTTP/1.1" 401 2538
161.97.173.155 - - [20/Aug/2024:19:09:50 -0400] "GET /manager/html HTTP/1.1" 401 2538
161.97.173.155 - - [20/Aug/2024:19:10:37 -0400] "GET /manager/html HTTP/1.1" 401 2538
127.0.0.1 - - [20/Aug/2024:19:10:58 -0400] "GET /work/Catalina/cyberschoolelibrary.com/pdf-manager/org/?C=D;O=A HTTP/1.1" 200 2145
161.97.173.155 - - [20/Aug/2024:19:11:25 -0400] "GET /manager/html HTTP/1.1" 401 2538
161.97.173.155 - - [20/Aug/2024:19:12:13 -0400] "GET /manager/html HTTP/1.1" 401 2538
161.97.173.155 - - [20/Aug/2024:19:13:01 -0400] "GET /manager/html HTTP/1.1" 401 2538
161.97.173.155 - - [20/Aug/2024:19:13:48 -0400] "GET /manager/html HTTP/1.1" 401 2538
161.97.173.155 - - [20/Aug/2024:19:14:36 -0400] "GET /manager/html HTTP/1.1" 401 2538
161.97.173.155 - - [20/Aug/2024:19:15:24 -0400] "GET /manager/html HTTP/1.1" 401 2538
161.97.173.155 - - [20/Aug/2024:19:16:12 -0400] "GET /manager/html HTTP/1.1" 401 2538
161.97.173.155 - - [20/Aug/2024:19:17:00 -0400] "GET /manager/html HTTP/1.1" 401 2538
161.97.173.155 - - [20/Aug/2024:19:17:47 -0400] "GET /manager/html HTTP/1.1" 401 2538
161.97.173.155 - - [20/Aug/2024:19:18:35 -0400] "GET /manager/html HTTP/1.1" 401 2538
161.97.173.155 - - [20/Aug/2024:19:19:23 -0400] "GET /manager/html HTTP/1.1" 401 2538
161.97.173.155 - - [20/Aug/2024:19:20:11 -0400] "GET /manager/html HTTP/1.1" 401 2538
161.97.173.155 - - [20/Aug/2024:19:20:58 -0400] "GET /manager/html HTTP/1.1" 401 2538
161.97.173.155 - - [20/Aug/2024:19:21:46 -0400] "GET /manager/html HTTP/1.1" 401 2538
161.97.173.155 - - [20/Aug/2024:19:22:34 -0400] "GET /manager/html HTTP/1.1" 401 2538
161.97.173.155 - - [20/Aug/2024:19:23:22 -0400] "GET /manager/html HTTP/1.1" 401 2538
161.97.173.155 - - [20/Aug/2024:19:24:09 -0400] "GET /manager/html HTTP/1.1" 401 2538
161.97.173.155 - - [20/Aug/2024:19:24:57 -0400] "GET /manager/html HTTP/1.1" 401 2538
161.97.173.155 - - [20/Aug/2024:19:25:45 -0400] "GET /manager/html HTTP/1.1" 401 2538
161.97.173.155 - - [20/Aug/2024:19:26:33 -0400] "GET /manager/html HTTP/1.1" 401 2538
161.97.173.155 - - [20/Aug/2024:19:27:20 -0400] "GET /manager/html HTTP/1.1" 401 2538
161.97.173.155 - - [20/Aug/2024:19:28:08 -0400] "GET /manager/html HTTP/1.1" 401 2538
161.97.173.155 - - [20/Aug/2024:19:28:56 -0400] "GET /manager/html HTTP/1.1" 401 2538
161.97.173.155 - - [20/Aug/2024:19:29:44 -0400] "GET /manager/html HTTP/1.1" 401 2538
161.97.173.155 - - [20/Aug/2024:19:30:31 -0400] "GET /manager/html HTTP/1.1" 401 2538
161.97.173.155 - - [20/Aug/2024:19:31:19 -0400] "GET /manager/html HTTP/1.1" 401 2538
161.97.173.155 - - [20/Aug/2024:19:32:07 -0400] "GET /manager/html HTTP/1.1" 401 2538
161.97.173.155 - - [20/Aug/2024:19:32:54 -0400] "GET /manager/html HTTP/1.1" 401 2538
161.97.173.155 - - [20/Aug/2024:19:33:42 -0400] "GET /manager/html HTTP/1.1" 401 2538
161.97.173.155 - - [20/Aug/2024:19:34:30 -0400] "GET /manager/html HTTP/1.1" 401 2538
161.97.173.155 - - [20/Aug/2024:19:35:18 -0400] "GET /manager/html HTTP/1.1" 401 2538
161.97.173.155 - - [20/Aug/2024:19:36:06 -0400] "GET /manager/html HTTP/1.1" 401 2538
161.97.173.155 - - [20/Aug/2024:19:36:53 -0400] "GET /manager/html HTTP/1.1" 401 2538
161.97.173.155 - - [20/Aug/2024:19:37:41 -0400] "GET /manager/html HTTP/1.1" 401 2538
161.97.173.155 - - [20/Aug/2024:19:38:29 -0400] "GET /manager/html HTTP/1.1" 401 2538
161.97.173.155 - - [20/Aug/2024:19:39:16 -0400] "GET /manager/html HTTP/1.1" 401 2538
161.97.173.155 - - [20/Aug/2024:19:40:04 -0400] "GET /manager/html HTTP/1.1" 401 2538
161.97.173.155 - - [20/Aug/2024:19:40:52 -0400] "GET /manager/html HTTP/1.1" 401 2538
161.97.173.155 - - [20/Aug/2024:19:41:40 -0400] "GET /manager/html HTTP/1.1" 401 2538
161.97.173.155 - - [20/Aug/2024:19:42:27 -0400] "GET /manager/html HTTP/1.1" 401 2538
161.97.173.155 - - [20/Aug/2024:19:43:15 -0400] "GET /manager/html HTTP/1.1" 401 2538
161.97.173.155 - - [20/Aug/2024:19:44:03 -0400] "GET /manager/html HTTP/1.1" 401 2538
161.97.173.155 - - [20/Aug/2024:19:44:51 -0400] "GET /manager/html HTTP/1.1" 401 2538
161.97.173.155 - - [20/Aug/2024:19:45:38 -0400] "GET /manager/html HTTP/1.1" 401 2538
161.97.173.155 - - [20/Aug/2024:19:46:26 -0400] "GET /manager/html HTTP/1.1" 401 2538
161.97.173.155 - - [20/Aug/2024:19:47:14 -0400] "GET /manager/html HTTP/1.1" 401 2538
161.97.173.155 - - [20/Aug/2024:19:48:01 -0400] "GET /manager/html HTTP/1.1" 401 2538
161.97.173.155 - - [20/Aug/2024:19:48:49 -0400] "GET /manager/html HTTP/1.1" 401 2538
161.97.173.155 - - [20/Aug/2024:19:49:37 -0400] "GET /manager/html HTTP/1.1" 401 2538
161.97.173.155 - - [20/Aug/2024:19:50:25 -0400] "GET /manager/html HTTP/1.1" 401 2538
161.97.173.155 - - [20/Aug/2024:19:51:12 -0400] "GET /manager/html HTTP/1.1" 401 2538
161.97.173.155 - - [20/Aug/2024:19:52:00 -0400] "GET /manager/html HTTP/1.1" 401 2538
161.97.173.155 - - [20/Aug/2024:19:52:48 -0400] "GET /manager/html HTTP/1.1" 401 2538
161.97.173.155 - - [20/Aug/2024:19:53:35 -0400] "GET /manager/html HTTP/1.1" 401 2538
161.97.173.155 - - [20/Aug/2024:19:54:23 -0400] "GET /manager/html HTTP/1.1" 401 2538
161.97.173.155 - - [20/Aug/2024:19:55:11 -0400] "GET /manager/html HTTP/1.1" 401 2538
161.97.173.155 - - [20/Aug/2024:19:55:59 -0400] "GET /manager/html HTTP/1.1" 401 2538
161.97.173.155 - - [20/Aug/2024:19:56:47 -0400] "GET /manager/html HTTP/1.1" 401 2538
161.97.173.155 - - [20/Aug/2024:19:57:34 -0400] "GET /manager/html HTTP/1.1" 401 2538
161.97.173.155 - - [20/Aug/2024:19:58:22 -0400] "GET /manager/html HTTP/1.1" 401 2538
161.97.173.155 - - [20/Aug/2024:19:59:10 -0400] "GET /manager/html HTTP/1.1" 401 2538
161.97.173.155 - - [20/Aug/2024:19:59:57 -0400] "GET /manager/html HTTP/1.1" 401 2538
161.97.173.155 - - [20/Aug/2024:20:00:45 -0400] "GET /manager/html HTTP/1.1" 401 2538
161.97.173.155 - - [20/Aug/2024:20:01:33 -0400] "GET /manager/html HTTP/1.1" 401 2538
161.97.173.155 - - [20/Aug/2024:20:02:21 -0400] "GET /manager/html HTTP/1.1" 401 2538
161.97.173.155 - - [20/Aug/2024:20:03:09 -0400] "GET /manager/html HTTP/1.1" 401 2538
161.97.173.155 - - [20/Aug/2024:20:03:56 -0400] "GET /manager/html HTTP/1.1" 401 2538
161.97.173.155 - - [20/Aug/2024:20:04:44 -0400] "GET /manager/html HTTP/1.1" 401 2538
161.97.173.155 - - [20/Aug/2024:20:05:32 -0400] "GET /manager/html HTTP/1.1" 401 2538
161.97.173.155 - - [20/Aug/2024:20:06:19 -0400] "GET /manager/html HTTP/1.1" 401 2538
161.97.173.155 - - [20/Aug/2024:20:07:07 -0400] "GET /manager/html HTTP/1.1" 401 2538
161.97.173.155 - - [20/Aug/2024:20:07:55 -0400] "GET /manager/html HTTP/1.1" 401 2538
161.97.173.155 - - [20/Aug/2024:20:08:43 -0400] "GET /manager/html HTTP/1.1" 401 2538
161.97.173.155 - - [20/Aug/2024:20:09:31 -0400] "GET /manager/html HTTP/1.1" 401 2538
161.97.173.155 - - [20/Aug/2024:20:10:18 -0400] "GET /manager/html HTTP/1.1" 401 2538
161.97.173.155 - - [20/Aug/2024:20:11:06 -0400] "GET /manager/html HTTP/1.1" 401 2538
161.97.173.155 - - [20/Aug/2024:20:11:54 -0400] "GET /manager/html HTTP/1.1" 401 2538
161.97.173.155 - - [20/Aug/2024:20:12:42 -0400] "GET /manager/html HTTP/1.1" 401 2538
161.97.173.155 - - [20/Aug/2024:20:13:29 -0400] "GET /manager/html HTTP/1.1" 401 2538
161.97.173.155 - - [20/Aug/2024:20:14:17 -0400] "GET /manager/html HTTP/1.1" 401 2538
161.97.173.155 - - [20/Aug/2024:20:15:05 -0400] "GET /manager/html HTTP/1.1" 401 2538
161.97.173.155 - - [20/Aug/2024:20:15:53 -0400] "GET /manager/html HTTP/1.1" 401 2538
161.97.173.155 - - [20/Aug/2024:20:16:41 -0400] "GET /manager/html HTTP/1.1" 401 2538
161.97.173.155 - - [20/Aug/2024:20:17:29 -0400] "GET /manager/html HTTP/1.1" 401 2538
161.97.173.155 - - [20/Aug/2024:20:18:16 -0400] "GET /manager/html HTTP/1.1" 401 2538
161.97.173.155 - - [20/Aug/2024:20:19:04 -0400] "GET /manager/html HTTP/1.1" 401 2538
161.97.173.155 - - [20/Aug/2024:20:19:52 -0400] "GET /manager/html HTTP/1.1" 401 2538
161.97.173.155 - - [20/Aug/2024:20:20:40 -0400] "GET /manager/html HTTP/1.1" 401 2538
161.97.173.155 - - [20/Aug/2024:20:21:28 -0400] "GET /manager/html HTTP/1.1" 401 2538
161.97.173.155 - - [20/Aug/2024:20:22:16 -0400] "GET /manager/html HTTP/1.1" 401 2538
161.97.173.155 - - [20/Aug/2024:20:23:03 -0400] "GET /manager/html HTTP/1.1" 401 2538
161.97.173.155 - - [20/Aug/2024:20:23:51 -0400] "GET /manager/html HTTP/1.1" 401 2538
161.97.173.155 - - [20/Aug/2024:20:24:39 -0400] "GET /manager/html HTTP/1.1" 401 2538
161.97.173.155 - - [20/Aug/2024:20:25:27 -0400] "GET /manager/html HTTP/1.1" 401 2538
161.97.173.155 - - [20/Aug/2024:20:26:14 -0400] "GET /manager/html HTTP/1.1" 401 2538
161.97.173.155 - - [20/Aug/2024:20:27:02 -0400] "GET /manager/html HTTP/1.1" 401 2538
161.97.173.155 - - [20/Aug/2024:20:27:50 -0400] "GET /manager/html HTTP/1.1" 401 2538
161.97.173.155 - - [20/Aug/2024:20:28:38 -0400] "GET /manager/html HTTP/1.1" 401 2538
161.97.173.155 - - [20/Aug/2024:20:29:26 -0400] "GET /manager/html HTTP/1.1" 401 2538
161.97.173.155 - - [20/Aug/2024:20:30:14 -0400] "GET /manager/html HTTP/1.1" 401 2538
161.97.173.155 - - [20/Aug/2024:20:31:01 -0400] "GET /manager/html HTTP/1.1" 401 2538
161.97.173.155 - - [20/Aug/2024:20:31:49 -0400] "GET /manager/html HTTP/1.1" 401 2538
161.97.173.155 - - [20/Aug/2024:20:32:37 -0400] "GET /manager/html HTTP/1.1" 401 2538
161.97.173.155 - - [20/Aug/2024:20:33:25 -0400] "GET /manager/html HTTP/1.1" 401 2538
161.97.173.155 - - [20/Aug/2024:20:34:13 -0400] "GET /manager/html HTTP/1.1" 401 2538
161.97.173.155 - - [20/Aug/2024:20:35:00 -0400] "GET /manager/html HTTP/1.1" 401 2538
161.97.173.155 - - [20/Aug/2024:20:35:48 -0400] "GET /manager/html HTTP/1.1" 401 2538
127.0.0.1 - - [20/Aug/2024:20:36:02 -0400] "GET /robots.txt HTTP/1.1" 302 -
127.0.0.1 - - [20/Aug/2024:20:36:02 -0400] "GET /login HTTP/1.1" 200 4254
127.0.0.1 - - [20/Aug/2024:20:36:03 -0400] "GET /work/Catalina/cyberschoolelibrary.com/pdf-manager/org/apache/jsp/ HTTP/1.1" 200 2145
161.97.173.155 - - [20/Aug/2024:20:36:36 -0400] "GET /manager/html HTTP/1.1" 401 2538
161.97.173.155 - - [20/Aug/2024:20:37:24 -0400] "GET /manager/html HTTP/1.1" 401 2538
161.97.173.155 - - [20/Aug/2024:20:38:11 -0400] "GET /manager/html HTTP/1.1" 401 2538
161.97.173.155 - - [20/Aug/2024:20:38:59 -0400] "GET /manager/html HTTP/1.1" 401 2538
161.97.173.155 - - [20/Aug/2024:20:39:47 -0400] "GET /manager/html HTTP/1.1" 401 2538
161.97.173.155 - - [20/Aug/2024:20:40:35 -0400] "GET /manager/html HTTP/1.1" 401 2538
161.97.173.155 - - [20/Aug/2024:20:41:22 -0400] "GET /manager/html HTTP/1.1" 401 2538
161.97.173.155 - - [20/Aug/2024:20:42:10 -0400] "GET /manager/html HTTP/1.1" 401 2538
161.97.173.155 - - [20/Aug/2024:20:42:58 -0400] "GET /manager/html HTTP/1.1" 401 2538
161.97.173.155 - - [20/Aug/2024:20:43:46 -0400] "GET /manager/html HTTP/1.1" 401 2538
161.97.173.155 - - [20/Aug/2024:20:44:34 -0400] "GET /manager/html HTTP/1.1" 401 2538
161.97.173.155 - - [20/Aug/2024:20:45:21 -0400] "GET /manager/html HTTP/1.1" 401 2538
161.97.173.155 - - [20/Aug/2024:20:46:09 -0400] "GET /manager/html HTTP/1.1" 401 2538
161.97.173.155 - - [20/Aug/2024:20:46:57 -0400] "GET /manager/html HTTP/1.1" 401 2538
161.97.173.155 - - [20/Aug/2024:20:47:45 -0400] "GET /manager/html HTTP/1.1" 401 2538
161.97.173.155 - - [20/Aug/2024:20:48:33 -0400] "GET /manager/html HTTP/1.1" 401 2538
161.97.173.155 - - [20/Aug/2024:20:49:21 -0400] "GET /manager/html HTTP/1.1" 401 2538
161.97.173.155 - - [20/Aug/2024:20:50:09 -0400] "GET /manager/html HTTP/1.1" 401 2538
161.97.173.155 - - [20/Aug/2024:20:50:56 -0400] "GET /manager/html HTTP/1.1" 401 2538
161.97.173.155 - - [20/Aug/2024:20:51:44 -0400] "GET /manager/html HTTP/1.1" 401 2538
161.97.173.155 - - [20/Aug/2024:20:52:32 -0400] "GET /manager/html HTTP/1.1" 401 2538
161.97.173.155 - - [20/Aug/2024:20:53:20 -0400] "GET /manager/html HTTP/1.1" 401 2538
161.97.173.155 - - [20/Aug/2024:20:54:08 -0400] "GET /manager/html HTTP/1.1" 401 2538
161.97.173.155 - - [20/Aug/2024:20:54:56 -0400] "GET /manager/html HTTP/1.1" 401 2538
161.97.173.155 - - [20/Aug/2024:20:55:43 -0400] "GET /manager/html HTTP/1.1" 401 2538
161.97.173.155 - - [20/Aug/2024:20:56:31 -0400] "GET /manager/html HTTP/1.1" 401 2538
161.97.173.155 - - [20/Aug/2024:20:57:19 -0400] "GET /manager/html HTTP/1.1" 401 2538
161.97.173.155 - - [20/Aug/2024:20:58:07 -0400] "GET /manager/html HTTP/1.1" 401 2538
161.97.173.155 - - [20/Aug/2024:20:58:55 -0400] "GET /manager/html HTTP/1.1" 401 2538
161.97.173.155 - - [20/Aug/2024:20:59:42 -0400] "GET /manager/html HTTP/1.1" 401 2538
161.97.173.155 - - [20/Aug/2024:21:00:30 -0400] "GET /manager/html HTTP/1.1" 401 2538
161.97.173.155 - - [20/Aug/2024:21:01:18 -0400] "GET /manager/html HTTP/1.1" 401 2538
161.97.173.155 - - [20/Aug/2024:21:02:06 -0400] "GET /manager/html HTTP/1.1" 401 2538
161.97.173.155 - - [20/Aug/2024:21:02:54 -0400] "GET /manager/html HTTP/1.1" 401 2538
161.97.173.155 - - [20/Aug/2024:21:03:41 -0400] "GET /manager/html HTTP/1.1" 401 2538
161.97.173.155 - - [20/Aug/2024:21:04:29 -0400] "GET /manager/html HTTP/1.1" 401 2538
161.97.173.155 - - [20/Aug/2024:21:05:17 -0400] "GET /manager/html HTTP/1.1" 401 2538
161.97.173.155 - - [20/Aug/2024:21:06:05 -0400] "GET /manager/html HTTP/1.1" 401 2538
161.97.173.155 - - [20/Aug/2024:21:06:52 -0400] "GET /manager/html HTTP/1.1" 401 2538
161.97.173.155 - - [20/Aug/2024:21:07:40 -0400] "GET /manager/html HTTP/1.1" 401 2538
161.97.173.155 - - [20/Aug/2024:21:08:28 -0400] "GET /manager/html HTTP/1.1" 401 2538
161.97.173.155 - - [20/Aug/2024:21:09:16 -0400] "GET /manager/html HTTP/1.1" 401 2538
161.97.173.155 - - [20/Aug/2024:21:10:03 -0400] "GET /manager/html HTTP/1.1" 401 2538
161.97.173.155 - - [20/Aug/2024:21:10:51 -0400] "GET /manager/html HTTP/1.1" 401 2538
161.97.173.155 - - [20/Aug/2024:21:11:39 -0400] "GET /manager/html HTTP/1.1" 401 2538
161.97.173.155 - - [20/Aug/2024:21:12:27 -0400] "GET /manager/html HTTP/1.1" 401 2538
161.97.173.155 - - [20/Aug/2024:21:13:15 -0400] "GET /manager/html HTTP/1.1" 401 2538
161.97.173.155 - - [20/Aug/2024:21:14:02 -0400] "GET /manager/html HTTP/1.1" 401 2538
161.97.173.155 - - [20/Aug/2024:21:14:50 -0400] "GET /manager/html HTTP/1.1" 401 2538
161.97.173.155 - - [20/Aug/2024:21:15:38 -0400] "GET /manager/html HTTP/1.1" 401 2538
161.97.173.155 - - [20/Aug/2024:21:16:26 -0400] "GET /manager/html HTTP/1.1" 401 2538
161.97.173.155 - - [20/Aug/2024:21:17:13 -0400] "GET /manager/html HTTP/1.1" 401 2538
161.97.173.155 - - [20/Aug/2024:21:18:01 -0400] "GET /manager/html HTTP/1.1" 401 2538
161.97.173.155 - - [20/Aug/2024:21:18:49 -0400] "GET /manager/html HTTP/1.1" 401 2538
161.97.173.155 - - [20/Aug/2024:21:19:37 -0400] "GET /manager/html HTTP/1.1" 401 2538
161.97.173.155 - - [20/Aug/2024:21:20:25 -0400] "GET /manager/html HTTP/1.1" 401 2538
161.97.173.155 - - [20/Aug/2024:21:21:12 -0400] "GET /manager/html HTTP/1.1" 401 2538
161.97.173.155 - - [20/Aug/2024:21:22:00 -0400] "GET /manager/html HTTP/1.1" 401 2538
161.97.173.155 - - [20/Aug/2024:21:22:48 -0400] "GET /manager/html HTTP/1.1" 401 2538
161.97.173.155 - - [20/Aug/2024:21:23:36 -0400] "GET /manager/html HTTP/1.1" 401 2538
161.97.173.155 - - [20/Aug/2024:21:24:23 -0400] "GET /manager/html HTTP/1.1" 401 2538
161.97.173.155 - - [20/Aug/2024:21:25:11 -0400] "GET /manager/html HTTP/1.1" 401 2538
161.97.173.155 - - [20/Aug/2024:21:25:59 -0400] "GET /manager/html HTTP/1.1" 401 2538
161.97.173.155 - - [20/Aug/2024:21:26:47 -0400] "GET /manager/html HTTP/1.1" 401 2538
161.97.173.155 - - [20/Aug/2024:21:27:34 -0400] "GET /manager/html HTTP/1.1" 401 2538
127.0.0.1 - - [20/Aug/2024:21:27:43 -0400] "GET /webapps?C=N%3BO%3DD HTTP/1.1" 302 -
127.0.0.1 - - [20/Aug/2024:21:27:43 -0400] "GET /login HTTP/1.1" 200 4254
161.97.173.155 - - [20/Aug/2024:21:28:22 -0400] "GET /manager/html HTTP/1.1" 401 2538
161.97.173.155 - - [20/Aug/2024:21:29:10 -0400] "GET /manager/html HTTP/1.1" 401 2538
161.97.173.155 - - [20/Aug/2024:21:29:57 -0400] "GET /manager/html HTTP/1.1" 401 2538
161.97.173.155 - - [20/Aug/2024:21:30:45 -0400] "GET /manager/html HTTP/1.1" 401 2538
161.97.173.155 - - [20/Aug/2024:21:31:33 -0400] "GET /manager/html HTTP/1.1" 401 2538
161.97.173.155 - - [20/Aug/2024:21:32:20 -0400] "GET /manager/html HTTP/1.1" 401 2538
161.97.173.155 - - [20/Aug/2024:21:33:08 -0400] "GET /manager/html HTTP/1.1" 401 2538
161.97.173.155 - - [20/Aug/2024:21:33:56 -0400] "GET /manager/html HTTP/1.1" 401 2538
161.97.173.155 - - [20/Aug/2024:21:34:44 -0400] "GET /manager/html HTTP/1.1" 401 2538
161.97.173.155 - - [20/Aug/2024:21:35:31 -0400] "GET /manager/html HTTP/1.1" 401 2538
161.97.173.155 - - [20/Aug/2024:21:36:19 -0400] "GET /manager/html HTTP/1.1" 401 2538
161.97.173.155 - - [20/Aug/2024:21:37:07 -0400] "GET /manager/html HTTP/1.1" 401 2538
161.97.173.155 - - [20/Aug/2024:21:37:55 -0400] "GET /manager/html HTTP/1.1" 401 2538
161.97.173.155 - - [20/Aug/2024:21:38:43 -0400] "GET /manager/html HTTP/1.1" 401 2538
161.97.173.155 - - [20/Aug/2024:21:39:30 -0400] "GET /manager/html HTTP/1.1" 401 2538
161.97.173.155 - - [20/Aug/2024:21:40:18 -0400] "GET /manager/html HTTP/1.1" 401 2538
161.97.173.155 - - [20/Aug/2024:21:41:06 -0400] "GET /manager/html HTTP/1.1" 401 2538
161.97.173.155 - - [20/Aug/2024:21:41:54 -0400] "GET /manager/html HTTP/1.1" 401 2538
161.97.173.155 - - [20/Aug/2024:21:42:41 -0400] "GET /manager/html HTTP/1.1" 401 2538
127.0.0.1 - - [20/Aug/2024:21:42:44 -0400] "GET /logs?C=S%3BO%3DA HTTP/1.1" 302 -
127.0.0.1 - - [20/Aug/2024:21:42:44 -0400] "GET /login HTTP/1.1" 200 4254
161.97.173.155 - - [20/Aug/2024:21:43:29 -0400] "GET /manager/html HTTP/1.1" 401 2538
161.97.173.155 - - [20/Aug/2024:21:44:17 -0400] "GET /manager/html HTTP/1.1" 401 2538
161.97.173.155 - - [20/Aug/2024:21:45:05 -0400] "GET /manager/html HTTP/1.1" 401 2538
161.97.173.155 - - [20/Aug/2024:21:45:52 -0400] "GET /manager/html HTTP/1.1" 401 2538
161.97.173.155 - - [20/Aug/2024:21:46:40 -0400] "GET /manager/html HTTP/1.1" 401 2538
161.97.173.155 - - [20/Aug/2024:21:47:28 -0400] "GET /manager/html HTTP/1.1" 401 2538
127.0.0.1 - - [20/Aug/2024:21:47:43 -0400] "GET /logs?C=M%3BO%3DA HTTP/1.1" 302 -
127.0.0.1 - - [20/Aug/2024:21:47:44 -0400] "GET /login HTTP/1.1" 200 4254
161.97.173.155 - - [20/Aug/2024:21:48:16 -0400] "GET /manager/html HTTP/1.1" 401 2538
161.97.173.155 - - [20/Aug/2024:21:49:03 -0400] "GET /manager/html HTTP/1.1" 401 2538
161.97.173.155 - - [20/Aug/2024:21:49:51 -0400] "GET /manager/html HTTP/1.1" 401 2538
161.97.173.155 - - [20/Aug/2024:21:50:39 -0400] "GET /manager/html HTTP/1.1" 401 2538
161.97.173.155 - - [20/Aug/2024:21:51:27 -0400] "GET /manager/html HTTP/1.1" 401 2538
161.97.173.155 - - [20/Aug/2024:21:52:15 -0400] "GET /manager/html HTTP/1.1" 401 2538
161.97.173.155 - - [20/Aug/2024:21:53:02 -0400] "GET /manager/html HTTP/1.1" 401 2538
161.97.173.155 - - [20/Aug/2024:21:53:50 -0400] "GET /manager/html HTTP/1.1" 401 2538
161.97.173.155 - - [20/Aug/2024:21:54:38 -0400] "GET /manager/html HTTP/1.1" 401 2538
161.97.173.155 - - [20/Aug/2024:21:55:26 -0400] "GET /manager/html HTTP/1.1" 401 2538
161.97.173.155 - - [20/Aug/2024:21:56:13 -0400] "GET /manager/html HTTP/1.1" 401 2538
161.97.173.155 - - [20/Aug/2024:21:57:01 -0400] "GET /manager/html HTTP/1.1" 401 2538
161.97.173.155 - - [20/Aug/2024:21:57:49 -0400] "GET /manager/html HTTP/1.1" 401 2538
161.97.173.155 - - [20/Aug/2024:21:58:37 -0400] "GET /manager/html HTTP/1.1" 401 2538
161.97.173.155 - - [20/Aug/2024:21:59:24 -0400] "GET /manager/html HTTP/1.1" 401 2538
161.97.173.155 - - [20/Aug/2024:22:00:12 -0400] "GET /manager/html HTTP/1.1" 401 2538
161.97.173.155 - - [20/Aug/2024:22:01:00 -0400] "GET /manager/html HTTP/1.1" 401 2538
161.97.173.155 - - [20/Aug/2024:22:01:48 -0400] "GET /manager/html HTTP/1.1" 401 2538
161.97.173.155 - - [20/Aug/2024:22:02:36 -0400] "GET /manager/html HTTP/1.1" 401 2538
161.97.173.155 - - [20/Aug/2024:22:03:24 -0400] "GET /manager/html HTTP/1.1" 401 2538
161.97.173.155 - - [20/Aug/2024:22:04:11 -0400] "GET /manager/html HTTP/1.1" 401 2538
161.97.173.155 - - [20/Aug/2024:22:04:59 -0400] "GET /manager/html HTTP/1.1" 401 2538
161.97.173.155 - - [20/Aug/2024:22:05:47 -0400] "GET /manager/html HTTP/1.1" 401 2538
161.97.173.155 - - [20/Aug/2024:22:06:35 -0400] "GET /manager/html HTTP/1.1" 401 2538
161.97.173.155 - - [20/Aug/2024:22:07:23 -0400] "GET /manager/html HTTP/1.1" 401 2538
127.0.0.1 - - [20/Aug/2024:22:07:45 -0400] "GET /robots.txt HTTP/1.1" 302 -
127.0.0.1 - - [20/Aug/2024:22:07:48 -0400] "GET /login HTTP/1.1" 200 4254
161.97.173.155 - - [20/Aug/2024:22:08:10 -0400] "GET /manager/html HTTP/1.1" 401 2538
161.97.173.155 - - [20/Aug/2024:22:08:58 -0400] "GET /manager/html HTTP/1.1" 401 2538
161.97.173.155 - - [20/Aug/2024:22:09:46 -0400] "GET /manager/html HTTP/1.1" 401 2538
161.97.173.155 - - [20/Aug/2024:22:10:34 -0400] "GET /manager/html HTTP/1.1" 401 2538
161.97.173.155 - - [20/Aug/2024:22:11:22 -0400] "GET /manager/html HTTP/1.1" 401 2538
161.97.173.155 - - [20/Aug/2024:22:12:09 -0400] "GET /manager/html HTTP/1.1" 401 2538
161.97.173.155 - - [20/Aug/2024:22:12:57 -0400] "GET /manager/html HTTP/1.1" 401 2538
161.97.173.155 - - [20/Aug/2024:22:13:45 -0400] "GET /manager/html HTTP/1.1" 401 2538
161.97.173.155 - - [20/Aug/2024:22:14:33 -0400] "GET /manager/html HTTP/1.1" 401 2538
161.97.173.155 - - [20/Aug/2024:22:15:21 -0400] "GET /manager/html HTTP/1.1" 401 2538
127.0.0.1 - - [20/Aug/2024:22:15:30 -0400] "GET /robots.txt HTTP/1.1" 302 -
127.0.0.1 - - [20/Aug/2024:22:15:35 -0400] "GET /login HTTP/1.1" 200 4254
127.0.0.1 - - [20/Aug/2024:22:15:44 -0400] "GET /temp/ehcache_auto_created7723303638925831238diskstore/?C=N;O=A HTTP/1.1" 200 2145
127.0.0.1 - - [20/Aug/2024:22:15:53 -0400] "GET /temp/ehcache_auto_created7723303638925831238diskstore/?C=S;O=D HTTP/1.1" 200 2145
127.0.0.1 - - [20/Aug/2024:22:16:08 -0400] "GET /temp/ehcache_auto_created8044546151178889335diskstore/ HTTP/1.1" 200 2145
161.97.173.155 - - [20/Aug/2024:22:16:09 -0400] "GET /manager/html HTTP/1.1" 401 2538
127.0.0.1 - - [20/Aug/2024:22:16:23 -0400] "GET /temp/ehcache_auto_created8044546151178889335diskstore/?C=D;O=D HTTP/1.1" 200 2145
127.0.0.1 - - [20/Aug/2024:22:16:50 -0400] "GET /temp/ehcache_auto_created8044546151178889335diskstore/?C=M;O=D HTTP/1.1" 200 2145
161.97.173.155 - - [20/Aug/2024:22:16:56 -0400] "GET /manager/html HTTP/1.1" 401 2538
127.0.0.1 - - [20/Aug/2024:22:17:10 -0400] "GET /temp/ehcache_auto_created8044546151178889335diskstore/?C=S;O=D HTTP/1.1" 200 2145
127.0.0.1 - - [20/Aug/2024:22:17:34 -0400] "GET /temp/ehcache_auto_created8340418692618308339diskstore/ HTTP/1.1" 200 2145
161.97.173.155 - - [20/Aug/2024:22:17:44 -0400] "GET /manager/html HTTP/1.1" 401 2538
127.0.0.1 - - [20/Aug/2024:22:18:07 -0400] "GET /temp/ehcache_auto_created8340418692618308339diskstore/?C=D;O=D HTTP/1.1" 200 2145
161.97.173.155 - - [20/Aug/2024:22:18:32 -0400] "GET /manager/html HTTP/1.1" 401 2538
127.0.0.1 - - [20/Aug/2024:22:18:39 -0400] "GET /temp/ehcache_auto_created8340418692618308339diskstore/?C=M;O=D HTTP/1.1" 200 2145
127.0.0.1 - - [20/Aug/2024:22:19:08 -0400] "GET /temp/ehcache_auto_created8340418692618308339diskstore/?C=N;O=A HTTP/1.1" 200 2145
161.97.173.155 - - [20/Aug/2024:22:19:20 -0400] "GET /manager/html HTTP/1.1" 401 2538
127.0.0.1 - - [20/Aug/2024:22:19:43 -0400] "GET /temp/ehcache_auto_created8340418692618308339diskstore/?C=S;O=D HTTP/1.1" 200 2145
127.0.0.1 - - [20/Aug/2024:22:20:05 -0400] "GET /temp/ehcache_auto_created8477804547255713106diskstore/ HTTP/1.1" 200 2145
161.97.173.155 - - [20/Aug/2024:22:20:07 -0400] "GET /manager/html HTTP/1.1" 401 2538
127.0.0.1 - - [20/Aug/2024:22:20:47 -0400] "GET /temp/ehcache_auto_created8477804547255713106diskstore/?C=D;O=D HTTP/1.1" 200 2145
161.97.173.155 - - [20/Aug/2024:22:20:55 -0400] "GET /manager/html HTTP/1.1" 401 2538
127.0.0.1 - - [20/Aug/2024:22:21:14 -0400] "GET /temp/ehcache_auto_created8477804547255713106diskstore/?C=M;O=D HTTP/1.1" 200 2145
161.97.173.155 - - [20/Aug/2024:22:21:43 -0400] "GET /manager/html HTTP/1.1" 401 2538
127.0.0.1 - - [20/Aug/2024:22:21:47 -0400] "GET /temp/ehcache_auto_created8477804547255713106diskstore/?C=N;O=A HTTP/1.1" 200 2145
127.0.0.1 - - [20/Aug/2024:22:22:15 -0400] "GET /temp/ehcache_auto_created8477804547255713106diskstore/?C=N;O=D HTTP/1.1" 200 2145
161.97.173.155 - - [20/Aug/2024:22:22:31 -0400] "GET /manager/html HTTP/1.1" 401 2538
127.0.0.1 - - [20/Aug/2024:22:22:47 -0400] "GET /temp/ehcache_auto_created8477804547255713106diskstore/?C=S;O=A HTTP/1.1" 200 2145
127.0.0.1 - - [20/Aug/2024:22:23:17 -0400] "GET /temp/ehcache_auto_created8477804547255713106diskstore/?C=S;O=D HTTP/1.1" 200 2145
161.97.173.155 - - [20/Aug/2024:22:23:19 -0400] "GET /manager/html HTTP/1.1" 401 2538
127.0.0.1 - - [20/Aug/2024:22:23:58 -0400] "GET /temp/ehcache_auto_created8477804547255713106diskstore/home HTTP/1.1" 200 2145
161.97.173.155 - - [20/Aug/2024:22:24:06 -0400] "GET /manager/html HTTP/1.1" 401 2538
127.0.0.1 - - [20/Aug/2024:22:24:28 -0400] "GET /temp/ehcache_auto_created8573379908259542782diskstore/ HTTP/1.1" 200 2145
127.0.0.1 - - [20/Aug/2024:22:24:49 -0400] "GET /temp/ehcache_auto_created8573379908259542782diskstore/%250050dfs%250043ache.data HTTP/1.1" 200 2145
161.97.173.155 - - [20/Aug/2024:22:24:54 -0400] "GET /manager/html HTTP/1.1" 401 2538
127.0.0.1 - - [20/Aug/2024:22:25:10 -0400] "GET /temp/ehcache_auto_created8573379908259542782diskstore/%250055sers%250043ache.data HTTP/1.1" 200 2145
127.0.0.1 - - [20/Aug/2024:22:25:34 -0400] "GET /temp/ehcache_auto_created8573379908259542782diskstore/?C=D;O=A HTTP/1.1" 200 2145
161.97.173.155 - - [20/Aug/2024:22:25:42 -0400] "GET /manager/html HTTP/1.1" 401 2538
127.0.0.1 - - [20/Aug/2024:22:26:03 -0400] "GET /temp/ehcache_auto_created8573379908259542782diskstore/?C=D;O=D HTTP/1.1" 200 2145
127.0.0.1 - - [20/Aug/2024:22:26:22 -0400] "GET /temp/ehcache_auto_created8573379908259542782diskstore/?C=M;O=A HTTP/1.1" 200 2145
161.97.173.155 - - [20/Aug/2024:22:26:30 -0400] "GET /manager/html HTTP/1.1" 401 2538
127.0.0.1 - - [20/Aug/2024:22:26:47 -0400] "GET /temp/ehcache_auto_created8573379908259542782diskstore/?C=M;O=D HTTP/1.1" 200 2145
127.0.0.1 - - [20/Aug/2024:22:27:13 -0400] "GET /temp/ehcache_auto_created8573379908259542782diskstore/?C=N;O=A HTTP/1.1" 200 2145
161.97.173.155 - - [20/Aug/2024:22:27:18 -0400] "GET /manager/html HTTP/1.1" 401 2538
127.0.0.1 - - [20/Aug/2024:22:27:55 -0400] "GET /temp/ehcache_auto_created8573379908259542782diskstore/?C=N;O=D HTTP/1.1" 200 2145
161.97.173.155 - - [20/Aug/2024:22:28:05 -0400] "GET /manager/html HTTP/1.1" 401 2538
127.0.0.1 - - [20/Aug/2024:22:28:17 -0400] "GET /temp/ehcache_auto_created8573379908259542782diskstore/?C=S;O=A HTTP/1.1" 200 2145
127.0.0.1 - - [20/Aug/2024:22:28:49 -0400] "GET /temp/ehcache_auto_created8573379908259542782diskstore/?C=S;O=D HTTP/1.1" 200 2145
161.97.173.155 - - [20/Aug/2024:22:28:53 -0400] "GET /manager/html HTTP/1.1" 401 2538
127.0.0.1 - - [20/Aug/2024:22:29:14 -0400] "GET /temp/ehcache_auto_created8573379908259542782diskstore/home HTTP/1.1" 200 2145
127.0.0.1 - - [20/Aug/2024:22:29:40 -0400] "GET /temp/ehcache_auto_created8698243070184614208diskstore/ HTTP/1.1" 200 2145
161.97.173.155 - - [20/Aug/2024:22:29:41 -0400] "GET /manager/html HTTP/1.1" 401 2538
127.0.0.1 - - [20/Aug/2024:22:30:12 -0400] "GET /temp/ehcache_auto_created8698243070184614208diskstore/%250050dfs%250043ache.data HTTP/1.1" 200 2145
161.97.173.155 - - [20/Aug/2024:22:30:29 -0400] "GET /manager/html HTTP/1.1" 401 2538
127.0.0.1 - - [20/Aug/2024:22:30:40 -0400] "GET /temp/ehcache_auto_created8698243070184614208diskstore/%250055sers%250043ache.data HTTP/1.1" 200 2145
161.97.173.155 - - [20/Aug/2024:22:31:16 -0400] "GET /manager/html HTTP/1.1" 401 2538
127.0.0.1 - - [20/Aug/2024:22:31:18 -0400] "GET /temp/ehcache_auto_created8698243070184614208diskstore/?C=D;O=A HTTP/1.1" 200 2145
127.0.0.1 - - [20/Aug/2024:22:31:53 -0400] "GET /temp/ehcache_auto_created8698243070184614208diskstore/?C=D;O=D HTTP/1.1" 200 2145
161.97.173.155 - - [20/Aug/2024:22:32:04 -0400] "GET /manager/html HTTP/1.1" 401 2538
127.0.0.1 - - [20/Aug/2024:22:32:20 -0400] "GET /temp/ehcache_auto_created8698243070184614208diskstore/?C=M;O=D HTTP/1.1" 200 2145
161.97.173.155 - - [20/Aug/2024:22:32:52 -0400] "GET /manager/html HTTP/1.1" 401 2538
127.0.0.1 - - [20/Aug/2024:22:32:55 -0400] "GET /temp/ehcache_auto_created8698243070184614208diskstore/?C=N;O=A HTTP/1.1" 200 2145
127.0.0.1 - - [20/Aug/2024:22:33:27 -0400] "GET /temp/ehcache_auto_created8698243070184614208diskstore/?C=N;O=D HTTP/1.1" 200 2145
161.97.173.155 - - [20/Aug/2024:22:33:40 -0400] "GET /manager/html HTTP/1.1" 401 2538
127.0.0.1 - - [20/Aug/2024:22:33:46 -0400] "GET /temp/ehcache_auto_created8698243070184614208diskstore/?C=S;O=A HTTP/1.1" 200 2145
161.97.173.155 - - [20/Aug/2024:22:34:28 -0400] "GET /manager/html HTTP/1.1" 401 2538
127.0.0.1 - - [20/Aug/2024:22:34:32 -0400] "GET /temp/ehcache_auto_created8698243070184614208diskstore/?C=S;O=D HTTP/1.1" 200 2145
127.0.0.1 - - [20/Aug/2024:22:34:52 -0400] "GET /temp/ehcache_auto_created8698243070184614208diskstore/home HTTP/1.1" 200 2145
161.97.173.155 - - [20/Aug/2024:22:35:16 -0400] "GET /manager/html HTTP/1.1" 401 2538
127.0.0.1 - - [20/Aug/2024:22:35:27 -0400] "GET /temp/ehcache_auto_created8784360136923499228diskstore/ HTTP/1.1" 200 2145
127.0.0.1 - - [20/Aug/2024:22:35:56 -0400] "GET /temp/ehcache_auto_created8784360136923499228diskstore/?C=D;O=A HTTP/1.1" 200 2145
161.97.173.155 - - [20/Aug/2024:22:36:03 -0400] "GET /manager/html HTTP/1.1" 401 2538
127.0.0.1 - - [20/Aug/2024:22:36:24 -0400] "GET /temp/ehcache_auto_created8784360136923499228diskstore/?C=D;O=D HTTP/1.1" 200 2145
161.97.173.155 - - [20/Aug/2024:22:36:51 -0400] "GET /manager/html HTTP/1.1" 401 2538
127.0.0.1 - - [20/Aug/2024:22:36:57 -0400] "GET /temp/ehcache_auto_created8784360136923499228diskstore/?C=M;O=A HTTP/1.1" 200 2145
127.0.0.1 - - [20/Aug/2024:22:37:14 -0400] "GET /temp/ehcache_auto_created8784360136923499228diskstore/?C=M;O=D HTTP/1.1" 200 2145
127.0.0.1 - - [20/Aug/2024:22:37:38 -0400] "GET /temp/ehcache_auto_created8784360136923499228diskstore/?C=N;O=A HTTP/1.1" 200 2145
161.97.173.155 - - [20/Aug/2024:22:37:39 -0400] "GET /manager/html HTTP/1.1" 401 2538
127.0.0.1 - - [20/Aug/2024:22:37:55 -0400] "GET /temp/ehcache_auto_created8784360136923499228diskstore/?C=N;O=D HTTP/1.1" 200 2145
127.0.0.1 - - [20/Aug/2024:22:38:22 -0400] "GET / HTTP/1.1" 302 -
127.0.0.1 - - [20/Aug/2024:22:38:23 -0400] "GET /temp/ehcache_auto_created8784360136923499228diskstore/?C=S;O=A HTTP/1.1" 200 2145
127.0.0.1 - - [20/Aug/2024:22:38:23 -0400] "GET /login HTTP/1.1" 200 4254
127.0.0.1 - - [20/Aug/2024:22:38:24 -0400] "POST /login HTTP/1.1" 302 -
127.0.0.1 - - [20/Aug/2024:22:38:25 -0400] "GET /login?error=true HTTP/1.1" 200 4296
127.0.0.1 - - [20/Aug/2024:22:38:25 -0400] "POST /login HTTP/1.1" 302 -
127.0.0.1 - - [20/Aug/2024:22:38:26 -0400] "GET /login?error=true HTTP/1.1" 200 4296
161.97.173.155 - - [20/Aug/2024:22:38:27 -0400] "GET /manager/html HTTP/1.1" 401 2538
127.0.0.1 - - [20/Aug/2024:22:38:27 -0400] "GET /forgotPasswordLink HTTP/1.1" 200 3725
127.0.0.1 - - [20/Aug/2024:22:38:57 -0400] "GET /temp/ehcache_auto_created8784360136923499228diskstore/?C=S;O=D HTTP/1.1" 200 2145
161.97.173.155 - - [20/Aug/2024:22:39:14 -0400] "GET /manager/html HTTP/1.1" 401 2538
127.0.0.1 - - [20/Aug/2024:22:39:25 -0400] "GET /temp/ehcache_auto_created8784360136923499228diskstore/home HTTP/1.1" 200 2145
127.0.0.1 - - [20/Aug/2024:22:39:52 -0400] "GET /temp/ehcache_auto_created8787831566497517059diskstore/ HTTP/1.1" 200 2145
161.97.173.155 - - [20/Aug/2024:22:40:02 -0400] "GET /manager/html HTTP/1.1" 401 2538
127.0.0.1 - - [20/Aug/2024:22:40:10 -0400] "GET /temp/ehcache_auto_created8787831566497517059diskstore/%250050dfs%250043ache.data HTTP/1.1" 200 2145
127.0.0.1 - - [20/Aug/2024:22:40:33 -0400] "GET /temp/ehcache_auto_created8787831566497517059diskstore/%250055sers%250043ache.data HTTP/1.1" 200 2145
161.97.173.155 - - [20/Aug/2024:22:40:50 -0400] "GET /manager/html HTTP/1.1" 401 2538
127.0.0.1 - - [20/Aug/2024:22:41:08 -0400] "GET /temp/ehcache_auto_created8787831566497517059diskstore/?C=D;O=A HTTP/1.1" 200 2145
161.97.173.155 - - [20/Aug/2024:22:41:38 -0400] "GET /manager/html HTTP/1.1" 401 2538
127.0.0.1 - - [20/Aug/2024:22:42:09 -0400] "GET /temp/ehcache_auto_created8787831566497517059diskstore/?C=D;O=D HTTP/1.1" 200 2145
161.97.173.155 - - [20/Aug/2024:22:42:26 -0400] "GET /manager/html HTTP/1.1" 401 2538
127.0.0.1 - - [20/Aug/2024:22:43:01 -0400] "GET /temp/ehcache_auto_created8787831566497517059diskstore/?C=M;O=A HTTP/1.1" 200 2145
161.97.173.155 - - [20/Aug/2024:22:43:13 -0400] "GET /manager/html HTTP/1.1" 401 2538
127.0.0.1 - - [20/Aug/2024:22:43:51 -0400] "GET /temp/ehcache_auto_created8787831566497517059diskstore/?C=N;O=A HTTP/1.1" 200 2145
161.97.173.155 - - [20/Aug/2024:22:44:01 -0400] "GET /manager/html HTTP/1.1" 401 2538
127.0.0.1 - - [20/Aug/2024:22:44:28 -0400] "GET /temp/ehcache_auto_created8787831566497517059diskstore/?C=S;O=A HTTP/1.1" 200 2145
161.97.173.155 - - [20/Aug/2024:22:44:49 -0400] "GET /manager/html HTTP/1.1" 401 2538
127.0.0.1 - - [20/Aug/2024:22:44:53 -0400] "GET /temp/ehcache_auto_created8787831566497517059diskstore/?C=S;O=D HTTP/1.1" 200 2145
